{"id":802,"date":"2020-11-26T10:11:00","date_gmt":"2020-11-26T09:11:00","guid":{"rendered":"https:\/\/www.refilat.com\/?page_id=468"},"modified":"2021-01-22T11:49:57","modified_gmt":"2021-01-22T10:49:57","slug":"aviso-legal","status":"publish","type":"page","link":"https:\/\/www.refilat.com\/?page_id=802&lang=es","title":{"rendered":"Aviso legal"},"content":{"rendered":"\t\t<div data-elementor-type=\"wp-page\" data-elementor-id=\"802\" class=\"elementor elementor-802\">\n\t\t\t\t\t\t<section class=\"elementor-section elementor-top-section elementor-element elementor-element-bc1417c elementor-section-height-min-height elementor-section-boxed elementor-section-height-default elementor-section-items-middle\" data-id=\"bc1417c\" data-element_type=\"section\" data-e-type=\"section\" data-settings=\"{&quot;background_background&quot;:&quot;classic&quot;}\">\n\t\t\t\t\t\t<div class=\"elementor-container elementor-column-gap-default\">\n\t\t\t\t\t<div class=\"elementor-column elementor-col-100 elementor-top-column elementor-element elementor-element-640289e\" data-id=\"640289e\" data-element_type=\"column\" data-e-type=\"column\">\n\t\t\t<div class=\"elementor-widget-wrap elementor-element-populated\">\n\t\t\t\t\t\t<div class=\"elementor-element elementor-element-c35d723 elementor-widget elementor-widget-heading\" data-id=\"c35d723\" data-element_type=\"widget\" data-e-type=\"widget\" data-widget_type=\"heading.default\">\n\t\t\t\t<div class=\"elementor-widget-container\">\n\t\t\t\t\t<p class=\"elementor-heading-title elementor-size-default\">REFILAT VINOTECA<\/p>\t\t\t\t<\/div>\n\t\t\t\t<\/div>\n\t\t\t\t<div class=\"elementor-element elementor-element-199d297 elementor-widget elementor-widget-heading\" data-id=\"199d297\" data-element_type=\"widget\" data-e-type=\"widget\" data-widget_type=\"heading.default\">\n\t\t\t\t<div class=\"elementor-widget-container\">\n\t\t\t\t\t<h1 class=\"elementor-heading-title elementor-size-default\">aviso legal<\/h1>\t\t\t\t<\/div>\n\t\t\t\t<\/div>\n\t\t\t\t<div class=\"elementor-element elementor-element-6ff3596 elementor-widget__width-initial elementor-widget elementor-widget-text-editor\" data-id=\"6ff3596\" data-element_type=\"widget\" data-e-type=\"widget\" data-widget_type=\"text-editor.default\">\n\t\t\t\t<div class=\"elementor-widget-container\">\n\t\t\t\t\t\t\t\t\t<p>El presente aviso legal regula el uso y uso del sitio web www.refilat.cat, propiedad de REFILAT SL.<\/p>\t\t\t\t\t\t\t\t<\/div>\n\t\t\t\t<\/div>\n\t\t\t\t\t<\/div>\n\t\t<\/div>\n\t\t\t\t\t<\/div>\n\t\t<\/section>\n\t\t\t\t<section class=\"elementor-section elementor-top-section elementor-element elementor-element-5bdac9c6 elementor-section-boxed elementor-section-height-default elementor-section-height-default\" data-id=\"5bdac9c6\" data-element_type=\"section\" data-e-type=\"section\">\n\t\t\t\t\t\t<div class=\"elementor-container elementor-column-gap-default\">\n\t\t\t\t\t<div class=\"elementor-column elementor-col-100 elementor-top-column elementor-element elementor-element-e451fa6\" data-id=\"e451fa6\" data-element_type=\"column\" data-e-type=\"column\">\n\t\t\t<div class=\"elementor-widget-wrap elementor-element-populated\">\n\t\t\t\t\t\t<div class=\"elementor-element elementor-element-627344ed elementor-widget elementor-widget-text-editor\" data-id=\"627344ed\" data-element_type=\"widget\" data-e-type=\"widget\" data-widget_type=\"text-editor.default\">\n\t\t\t\t<div class=\"elementor-widget-container\">\n\t\t\t\t\t\t\t\t\t<ol>\n<li>\n<h2>OBJETO<\/h2>\n<\/li>\n<\/ol>\n<p style=\"padding-left: 40px;\">El presente aviso legal regula el uso y uso del sitio web refilat.com, propiedad de REFILAT SL (en adelante, REFILAT VINOTECA).<\/p>\n<p style=\"padding-left: 40px;\">La navegaci\u00f3n por el sitio web de REFILAT VINOTECA atribuye la condici\u00f3n de USUARIO de la misma e implica la aceptaci\u00f3n plena y sin reservas de todas y cada una de las condiciones publicadas en el presente aviso legal, advirtiendo que estas condiciones podr\u00e1n ser modificadas sin previo aviso por parte de REFILAT VINOTECA, y en este caso proceder\u00e1n a su publicaci\u00f3n y notificaci\u00f3n con la mayor antelaci\u00f3n posible.<\/p>\n<p style=\"padding-left: 40px;\">Por lo tanto, es aconsejable leer atentamente su contenido en caso de que desee acceder y hacer uso de la informaci\u00f3n y servicios ofrecidos desde este sitio web.<\/p>\n<p style=\"padding-left: 40px;\">El usuario tambi\u00e9n se compromete a hacer un uso adecuado del sitio web de acuerdo con las leyes, la buena fe, el orden p\u00fablico, los usos del tr\u00e1fico y el presente Aviso Legal, y ser\u00e1 responsable ante REFILAT VINOTECA o a terceros por los da\u00f1os y perjuicios que puedan ocasionarse como consecuencia del incumplimiento de esta obligaci\u00f3n.<\/p>\n<p style=\"padding-left: 40px;\">Cualquier uso que no sea el autorizado est\u00e1 expresamente prohibido, y REFILAT VINOTECA podr\u00e1 denegar o retirar el acceso y uso en cualquier momento.<\/p>\n<ol>\n<li>\n<h2>IDENTIFICACI\u00d3N<\/h2>\n<\/li>\n<\/ol>\n<p style=\"padding-left: 40px;\">REFILAT VINOTECA, en cumplimiento de la Ley 34\/2002, de 11 de julio, de Servicios de la Sociedad de la Informaci\u00f3n y Comercio Electr\u00f3nico, le informa que:<\/p>\n<ul>\n<li style=\"list-style-type: none;\">\n<ul>\n<li>Su nombre corporativo es: REFILAT SL.<\/li>\n<li>Su nombre comercial es: REFILAT VINOTECA.<\/li>\n<li>Su CIF es: B1725988.<\/li>\n<li>Su domicilio social se encuentra en: C\/ Agust\u00ed Manaut, 15 &#8211; 17539 &#8211; Bolvir &#8211; GIRONA (Espa\u00f1a).<\/li>\n<li>Est\u00e1 inscrita en el Registro Mercantil de GIRONA T 39, F 205, S 8, H GI687.<\/li>\n<\/ul>\n<\/li>\n<\/ul>\n<ol start=\"2\">\n<li>\n<h2>COMUNICACIONES<\/h2>\n<\/li>\n<\/ol>\n<p style=\"padding-left: 40px;\">Para comunicarnos con nosotros, ponemos a su disposici\u00f3n diferentes medios de contacto que detallamos a continuaci\u00f3n:<\/p>\n<p style=\"padding-left: 40px;\">Tel: 972883156.<\/p>\n<p style=\"padding-left: 40px;\">Email: info@refilat.com.<\/p>\n<p style=\"padding-left: 40px;\">Todas las notificaciones y comunicaciones entre los usuarios y REFILAT VINOTECA se considerar\u00e1n efectivas, en general, cuando se realicen a trav\u00e9s de cualquier medio detallado anteriormente.<\/p>\n<ol start=\"3\">\n<li>\n<h2>CONDICIONES DE ACCESO Y USO<\/h2>\n<\/li>\n<\/ol>\n<p style=\"padding-left: 40px;\">El sitio web y sus servicios son gratuitos. No obstante, REFILAT VINOTECA podr\u00e1 condicionar el uso de algunos de los servicios ofrecidos en su p\u00e1gina web a la previa cumplimentaci\u00f3n del correspondiente formulario.<\/p>\n<p style=\"padding-left: 40px;\">El usuario garantiza la autenticidad y puntualidad de todos los datos comunicados a REFILAT VINOTECA y ser\u00e1 el \u00fanico responsable de las declaraciones falsas o inexactas realizadas.<\/p>\n<p style=\"padding-left: 40px;\">El usuario se compromete expresamente a hacer un uso adecuado de los contenidos y servicios de REFILAT VINOTECA y a no utilizarlos para, entre otros:<\/p>\n<p style=\"padding-left: 40px;\">a) Difundir contenidos delictivos, violentos, pornogr\u00e1ficos, racistas, xen\u00f3fobos, ofensivos, apolog\u00eda del terrorismo o, en general, contrarios a la ley o al orden p\u00fablico.<br>b) Introducir virus inform\u00e1ticos en la red o realizar acciones que puedan alterar, estropear, interrumpir o generar errores o da\u00f1os a documentos electr\u00f3nicos, datos o sistemas f\u00edsicos y l\u00f3gicos de REFILAT VINOTECA o de terceros; as\u00ed como obstaculizar el acceso de otros usuarios al sitio web y sus servicios a trav\u00e9s del consumo masivo de recursos inform\u00e1ticos a trav\u00e9s del cual REFILAT VINOTECA presta sus servicios.<br>c) Intentar acceder a las cuentas de correo electr\u00f3nico de otros usuarios o \u00e1reas restringidas de los sistemas inform\u00e1ticos de REFILAT VINOTECA o de terceros y, en su caso, extraer informaci\u00f3n.<br>d) Violar los derechos de propiedad intelectual o industrial , as\u00ed como violar la confidencialidad de la informaci\u00f3n de REFILAT VINOTECA o de terceros.<br>e) Suplantar la identidad de cualquier otro usuario.f) Reproducir, copiar, distribuir, poner a disposici\u00f3n o cualquier otra forma de comunicaci\u00f3n p\u00fablica, transformar o modificar los contenidos, a menos que tenga la autorizaci\u00f3n del titular de los derechos correspondientes o est\u00e9 legalmente permitido.<br>g) Recopilar datos con fines publicitarios y enviar publicidad de cualquier tipo y comunicaciones para su venta u otros fines de venta. sin meditar su solicitud o consentimiento previo.<\/p>\n<p style=\"padding-left: 40px;\">Todos los contenidos del sitio web, tales como textos, fotograf\u00edas, gr\u00e1ficos, im\u00e1genes, iconos, tecnolog\u00eda, software, as\u00ed como su dise\u00f1o gr\u00e1fico y c\u00f3digos fuente, constituyen una obra cuya propiedad pertenece a REFILAT VINOTECA, sin que se entienda que se transfiere al usuario ninguno de los derechos de explotaci\u00f3n sobre los mismos m\u00e1s all\u00e1 de lo estrictamente necesario para el correcto uso de la web.<\/p>\n<p style=\"padding-left: 40px;\">En definitiva, los usuarios que accedan a este sitio web podr\u00e1n visualizar los contenidos y realizar, en su caso, copias privadas autorizadas siempre que los elementos reproducidos no se transfieran posteriormente a terceros, ni se instalen en servidores conectados a redes, ni est\u00e9n sujetos a ning\u00fan tipo de explotaci\u00f3n.<\/p>\n<p style=\"padding-left: 40px;\">Asimismo, todas las marcas, nombres comerciales o signos distintivos de cualquier tipo que aparecen en el sitio web son propiedad de REFILAT VINOTECA, sin que se entienda que el uso o acceso a la misma atribuye al usuario ning\u00fan derecho sobre los mismos.<\/p>\n<p style=\"padding-left: 40px;\">Queda prohibida la distribuci\u00f3n, modificaci\u00f3n, cesi\u00f3n o comunicaci\u00f3n p\u00fablica de los contenidos y cualquier otro acto que no haya sido expresamente autorizado por el titular de los derechos de explotaci\u00f3n.<\/p>\n<p style=\"padding-left: 40px;\">El establecimiento de una hiperenlace no implica en ning\u00fan caso la existencia de relaciones entre REFILAT VINOTECA y el titular del sitio web en el que est\u00e1 establecida, ni la aceptaci\u00f3n y aprobaci\u00f3n por parte de REFILAT VINOTECA de sus contenidos o servicios.<\/p>\n<p style=\"padding-left: 40px;\">REFILAT VINOTECA no se hace responsable del uso que cada usuario d\u00e9 a los materiales puestos a disposici\u00f3n en este sitio web ni de las acciones realizadas en base a los mismas.<\/p>\n<h3 style=\"padding-left: 40px;\">3.1 EXCLUSION DE GARANTIAS Y RESPONSABILIDAD EN ACCESO Y USO<\/h3>\n<p style=\"padding-left: 40px;\">El contenido de este sitio web es de car\u00e1cter general y tiene una finalidad meramente informativa, sin garantizar plenamente el acceso a todos los contenidos, ni su integridad, exactitud, validez o realidad, ni su idoneidad o utilidad para un objetivo espec\u00edfico. REFILAT VINOTECA excluye, en los t\u00e9rminos y condiciones de la ley, cualquier responsabilidad por da\u00f1os y perjuicios de cualquier tipo derivados de:<\/p>\n<p style=\"padding-left: 40px;\">a) La imposibilidad de acceso al sitio web o la falta de veracidad, exactitud, integridad y\/o puntualidad de los contenidos, as\u00ed como la existencia de vicios y defectos de todo tipo de contenidos transmitidos, difundidos, almacenados, puestos a disposici\u00f3n, a los que se ha accedido a trav\u00e9s del sitio web o de los servicios ofrecidos.<br>b) La presencia de virus u otros elementos en los contenidos que puedan causar alteraciones en los sistemas inform\u00e1ticos, documentos electr\u00f3nicos o datos de usuario.<br>c) Incumplimiento de las leyes, buena fe, orden p\u00fablico, usos del tr\u00e1fico y este aviso legal como resultado del uso incorrecto del sitio web. En particular, y ejemplificativo, REFILAT VINOTECA no se hace responsable de las acciones de terceros que vulneran los derechos de propiedad intelectual e industrial, los secretos comerciales, los derechos al honor, la intimidad personal y familiar y la propia imagen, as\u00ed como la normativa sobre competencia desleal y publicidad il\u00edcita.<\/p>\n<p style=\"padding-left: 40px;\">Asimismo, REFILAT VINOTECA declina cualquier responsabilidad con respecto a la informaci\u00f3n que se encuentra fuera de este sitio web y no es gestionada directamente por nuestro webmaster. La funci\u00f3n de los enlaces que aparecen en este sitio web es exclusivamente informar al usuario sobre la existencia de otras fuentes susceptibles de ampliar los contenidos ofrecidos por este sitio web. REFILAT VINOTECA no garantiza ni es responsable del funcionamiento o accesibilidad de los sitios enlazados; ni sugiere, invita o recomienda la visita a los de ellos, por lo que tampoco ser\u00e1 responsable del resultado obtenido. REFILAT VINOTECA no se hace responsable del establecimiento de hiperv\u00ednculos por parte de terceros.<\/p>\n<h3 style=\"padding-left: 40px;\">3.2 PROCEDIMIENTO EN CASO DE ACTIVIDADES ILEGALES<\/h3>\n<p style=\"padding-left: 40px;\">En el caso de que cualquier usuario o un tercero considere que existen hechos o circunstancias que revelen el car\u00e1cter il\u00edcito del uso de cualquier contenido y\/o la realizaci\u00f3n de cualquier actividad en las p\u00e1ginas web incluidas o accesibles a trav\u00e9s del sitio web, deber\u00e1 enviar una notificaci\u00f3n a REFILAT VINOTECA identific\u00e1ndose debidamente y especificando las presuntas infracciones.<\/p>\n<h3 style=\"padding-left: 40px;\">3.3 PUBLICACIONES<\/h3>\n<p style=\"padding-left: 40px;\">La informaci\u00f3n administrativa facilitada a trav\u00e9s del sitio web no sustituye la publicidad jur\u00eddica de las leyes, reglamentos, planes, disposiciones generales y actos que deben ser publicados formalmente en los diarios oficiales de las administraciones p\u00fablicas, que constituyen el \u00fanico instrumento que certifica su autenticidad y contenido. La informaci\u00f3n disponible en este sitio web debe entenderse como una gu\u00eda sin prop\u00f3sito de validez legal.<\/p>\n<ol start=\"4\">\n<li>\n<h2>LEGISLACI\u00d3N APLICABLE<\/h2>\n<\/li>\n<\/ol>\n<p style=\"padding-left: 40px;\">Las presentes condiciones se regir\u00e1n por la legislaci\u00f3n espa\u00f1ola vigente.<\/p>\n<p style=\"padding-left: 40px;\">El idioma utilizado ser\u00e1 el castellano.<\/p>\t\t\t\t\t\t\t\t<\/div>\n\t\t\t\t<\/div>\n\t\t\t\t\t<\/div>\n\t\t<\/div>\n\t\t\t\t\t<\/div>\n\t\t<\/section>\n\t\t\t\t<\/div>\n\t\t","protected":false},"excerpt":{"rendered":"<p>REFILAT VINOTECA aviso legal El presente aviso legal regula el uso y uso del sitio web www.refilat.cat, propiedad de REFILAT SL. OBJETO El presente aviso legal regula el uso y uso del sitio web refilat.com, propiedad de REFILAT SL (en adelante, REFILAT VINOTECA). La navegaci\u00f3n por el sitio web de REFILAT VINOTECA atribuye la condici\u00f3n [&hellip;]<\/p>\n","protected":false},"author":2,"featured_media":0,"parent":0,"menu_order":0,"comment_status":"closed","ping_status":"closed","template":"elementor_header_footer","meta":{"site-sidebar-layout":"default","site-content-layout":"","ast-site-content-layout":"default","site-content-style":"default","site-sidebar-style":"default","ast-global-header-display":"","ast-banner-title-visibility":"","ast-main-header-display":"","ast-hfb-above-header-display":"","ast-hfb-below-header-display":"","ast-hfb-mobile-header-display":"","site-post-title":"","ast-breadcrumbs-content":"","ast-featured-img":"","footer-sml-layout":"","ast-disable-related-posts":"","theme-transparent-header-meta":"","adv-header-id-meta":"","stick-header-meta":"","header-above-stick-meta":"","header-main-stick-meta":"","header-below-stick-meta":"","astra-migrate-meta-layouts":"default","ast-page-background-enabled":"default","ast-page-background-meta":{"desktop":{"background-color":"","background-image":"","background-repeat":"repeat","background-position":"center center","background-size":"auto","background-attachment":"scroll","background-type":"","background-media":"","overlay-type":"","overlay-color":"","overlay-opacity":"","overlay-gradient":""},"tablet":{"background-color":"","background-image":"","background-repeat":"repeat","background-position":"center center","background-size":"auto","background-attachment":"scroll","background-type":"","background-media":"","overlay-type":"","overlay-color":"","overlay-opacity":"","overlay-gradient":""},"mobile":{"background-color":"","background-image":"","background-repeat":"repeat","background-position":"center center","background-size":"auto","background-attachment":"scroll","background-type":"","background-media":"","overlay-type":"","overlay-color":"","overlay-opacity":"","overlay-gradient":""}},"ast-content-background-meta":{"desktop":{"background-color":"var(--ast-global-color-5)","background-image":"","background-repeat":"repeat","background-position":"center center","background-size":"auto","background-attachment":"scroll","background-type":"","background-media":"","overlay-type":"","overlay-color":"","overlay-opacity":"","overlay-gradient":""},"tablet":{"background-color":"var(--ast-global-color-5)","background-image":"","background-repeat":"repeat","background-position":"center center","background-size":"auto","background-attachment":"scroll","background-type":"","background-media":"","overlay-type":"","overlay-color":"","overlay-opacity":"","overlay-gradient":""},"mobile":{"background-color":"var(--ast-global-color-5)","background-image":"","background-repeat":"repeat","background-position":"center center","background-size":"auto","background-attachment":"scroll","background-type":"","background-media":"","overlay-type":"","overlay-color":"","overlay-opacity":"","overlay-gradient":""}},"footnotes":""},"class_list":["post-802","page","type-page","status-publish","hentry"],"yoast_head":"<!-- This site is optimized with the Yoast SEO plugin v27.5 - https:\/\/yoast.com\/product\/yoast-seo-wordpress\/ -->\n<title>Aviso legal - Refilat Vinoteca<\/title>\n<meta name=\"robots\" content=\"index, follow, max-snippet:-1, max-image-preview:large, max-video-preview:-1\" \/>\n<link rel=\"canonical\" href=\"https:\/\/www.refilat.com\/?page_id=802&lang=es\" \/>\n<meta property=\"og:locale\" content=\"ca_ES\" \/>\n<meta property=\"og:type\" content=\"article\" \/>\n<meta property=\"og:title\" content=\"Aviso legal - Refilat Vinoteca\" \/>\n<meta property=\"og:description\" content=\"REFILAT VINOTECA aviso legal El presente aviso legal regula el uso y uso del sitio web www.refilat.cat, propiedad de REFILAT SL. OBJETO El presente aviso legal regula el uso y uso del sitio web refilat.com, propiedad de REFILAT SL (en adelante, REFILAT VINOTECA). La navegaci\u00f3n por el sitio web de REFILAT VINOTECA atribuye la condici\u00f3n [&hellip;]\" \/>\n<meta property=\"og:url\" content=\"https:\/\/www.refilat.com\/?page_id=802&amp;lang=es\" \/>\n<meta property=\"og:site_name\" content=\"Refilat Vinoteca\" \/>\n<meta property=\"article:modified_time\" content=\"2021-01-22T10:49:57+00:00\" \/>\n<meta name=\"twitter:card\" content=\"summary_large_image\" \/>\n<meta name=\"twitter:label1\" content=\"Temps estimat de lectura\" \/>\n\t<meta name=\"twitter:data1\" content=\"7 minuts\" \/>\n<script type=\"application\/ld+json\" class=\"yoast-schema-graph\">{\"@context\":\"https:\\\/\\\/schema.org\",\"@graph\":[{\"@type\":\"WebPage\",\"@id\":\"https:\\\/\\\/www.refilat.com\\\/?page_id=802&lang=es\",\"url\":\"https:\\\/\\\/www.refilat.com\\\/?page_id=802&lang=es\",\"name\":\"Aviso legal - Refilat Vinoteca\",\"isPartOf\":{\"@id\":\"https:\\\/\\\/www.refilat.com\\\/#website\"},\"datePublished\":\"2020-11-26T09:11:00+00:00\",\"dateModified\":\"2021-01-22T10:49:57+00:00\",\"breadcrumb\":{\"@id\":\"https:\\\/\\\/www.refilat.com\\\/?page_id=802&lang=es#breadcrumb\"},\"inLanguage\":\"ca\",\"potentialAction\":[{\"@type\":\"ReadAction\",\"target\":[\"https:\\\/\\\/www.refilat.com\\\/?page_id=802&lang=es\"]}]},{\"@type\":\"BreadcrumbList\",\"@id\":\"https:\\\/\\\/www.refilat.com\\\/?page_id=802&lang=es#breadcrumb\",\"itemListElement\":[{\"@type\":\"ListItem\",\"position\":1,\"name\":\"Inici\",\"item\":\"https:\\\/\\\/www.refilat.com\\\/\"},{\"@type\":\"ListItem\",\"position\":2,\"name\":\"Aviso legal\"}]},{\"@type\":\"WebSite\",\"@id\":\"https:\\\/\\\/www.refilat.com\\\/#website\",\"url\":\"https:\\\/\\\/www.refilat.com\\\/\",\"name\":\"Refilat Vinoteca\",\"description\":\"Tradici\u00f3 en la distribuci\u00f3 de vins a la Cerdanya\",\"publisher\":{\"@id\":\"https:\\\/\\\/www.refilat.com\\\/#organization\"},\"potentialAction\":[{\"@type\":\"SearchAction\",\"target\":{\"@type\":\"EntryPoint\",\"urlTemplate\":\"https:\\\/\\\/www.refilat.com\\\/?s={search_term_string}\"},\"query-input\":{\"@type\":\"PropertyValueSpecification\",\"valueRequired\":true,\"valueName\":\"search_term_string\"}}],\"inLanguage\":\"ca\"},{\"@type\":\"Organization\",\"@id\":\"https:\\\/\\\/www.refilat.com\\\/#organization\",\"name\":\"Refilat Vinoteca\",\"url\":\"https:\\\/\\\/www.refilat.com\\\/\",\"logo\":{\"@type\":\"ImageObject\",\"inLanguage\":\"ca\",\"@id\":\"https:\\\/\\\/www.refilat.com\\\/#\\\/schema\\\/logo\\\/image\\\/\",\"url\":\"https:\\\/\\\/i0.wp.com\\\/www.refilat.com\\\/wp-content\\\/uploads\\\/2020\\\/07\\\/logo_refilat_02.png?fit=400%2C150&ssl=1\",\"contentUrl\":\"https:\\\/\\\/i0.wp.com\\\/www.refilat.com\\\/wp-content\\\/uploads\\\/2020\\\/07\\\/logo_refilat_02.png?fit=400%2C150&ssl=1\",\"width\":400,\"height\":150,\"caption\":\"Refilat Vinoteca\"},\"image\":{\"@id\":\"https:\\\/\\\/www.refilat.com\\\/#\\\/schema\\\/logo\\\/image\\\/\"}}]}<\/script>\n<!-- \/ Yoast SEO plugin. -->","yoast_head_json":{"title":"Aviso legal - Refilat Vinoteca","robots":{"index":"index","follow":"follow","max-snippet":"max-snippet:-1","max-image-preview":"max-image-preview:large","max-video-preview":"max-video-preview:-1"},"canonical":"https:\/\/www.refilat.com\/?page_id=802&lang=es","og_locale":"ca_ES","og_type":"article","og_title":"Aviso legal - Refilat Vinoteca","og_description":"REFILAT VINOTECA aviso legal El presente aviso legal regula el uso y uso del sitio web www.refilat.cat, propiedad de REFILAT SL. OBJETO El presente aviso legal regula el uso y uso del sitio web refilat.com, propiedad de REFILAT SL (en adelante, REFILAT VINOTECA). La navegaci\u00f3n por el sitio web de REFILAT VINOTECA atribuye la condici\u00f3n [&hellip;]","og_url":"https:\/\/www.refilat.com\/?page_id=802&lang=es","og_site_name":"Refilat Vinoteca","article_modified_time":"2021-01-22T10:49:57+00:00","twitter_card":"summary_large_image","twitter_misc":{"Temps estimat de lectura":"7 minuts"},"schema":{"@context":"https:\/\/schema.org","@graph":[{"@type":"WebPage","@id":"https:\/\/www.refilat.com\/?page_id=802&lang=es","url":"https:\/\/www.refilat.com\/?page_id=802&lang=es","name":"Aviso legal - Refilat Vinoteca","isPartOf":{"@id":"https:\/\/www.refilat.com\/#website"},"datePublished":"2020-11-26T09:11:00+00:00","dateModified":"2021-01-22T10:49:57+00:00","breadcrumb":{"@id":"https:\/\/www.refilat.com\/?page_id=802&lang=es#breadcrumb"},"inLanguage":"ca","potentialAction":[{"@type":"ReadAction","target":["https:\/\/www.refilat.com\/?page_id=802&lang=es"]}]},{"@type":"BreadcrumbList","@id":"https:\/\/www.refilat.com\/?page_id=802&lang=es#breadcrumb","itemListElement":[{"@type":"ListItem","position":1,"name":"Inici","item":"https:\/\/www.refilat.com\/"},{"@type":"ListItem","position":2,"name":"Aviso legal"}]},{"@type":"WebSite","@id":"https:\/\/www.refilat.com\/#website","url":"https:\/\/www.refilat.com\/","name":"Refilat Vinoteca","description":"Tradici\u00f3 en la distribuci\u00f3 de vins a la Cerdanya","publisher":{"@id":"https:\/\/www.refilat.com\/#organization"},"potentialAction":[{"@type":"SearchAction","target":{"@type":"EntryPoint","urlTemplate":"https:\/\/www.refilat.com\/?s={search_term_string}"},"query-input":{"@type":"PropertyValueSpecification","valueRequired":true,"valueName":"search_term_string"}}],"inLanguage":"ca"},{"@type":"Organization","@id":"https:\/\/www.refilat.com\/#organization","name":"Refilat Vinoteca","url":"https:\/\/www.refilat.com\/","logo":{"@type":"ImageObject","inLanguage":"ca","@id":"https:\/\/www.refilat.com\/#\/schema\/logo\/image\/","url":"https:\/\/i0.wp.com\/www.refilat.com\/wp-content\/uploads\/2020\/07\/logo_refilat_02.png?fit=400%2C150&ssl=1","contentUrl":"https:\/\/i0.wp.com\/www.refilat.com\/wp-content\/uploads\/2020\/07\/logo_refilat_02.png?fit=400%2C150&ssl=1","width":400,"height":150,"caption":"Refilat Vinoteca"},"image":{"@id":"https:\/\/www.refilat.com\/#\/schema\/logo\/image\/"}}]}},"lang":"es","translations":{"ca":468,"es":802},"jetpack_sharing_enabled":true,"pll_sync_post":[],"_links":{"self":[{"href":"https:\/\/www.refilat.com\/index.php?rest_route=\/wp\/v2\/pages\/802","targetHints":{"allow":["GET"]}}],"collection":[{"href":"https:\/\/www.refilat.com\/index.php?rest_route=\/wp\/v2\/pages"}],"about":[{"href":"https:\/\/www.refilat.com\/index.php?rest_route=\/wp\/v2\/types\/page"}],"author":[{"embeddable":true,"href":"https:\/\/www.refilat.com\/index.php?rest_route=\/wp\/v2\/users\/2"}],"replies":[{"embeddable":true,"href":"https:\/\/www.refilat.com\/index.php?rest_route=%2Fwp%2Fv2%2Fcomments&post=802"}],"version-history":[{"count":22,"href":"https:\/\/www.refilat.com\/index.php?rest_route=\/wp\/v2\/pages\/802\/revisions"}],"predecessor-version":[{"id":1937,"href":"https:\/\/www.refilat.com\/index.php?rest_route=\/wp\/v2\/pages\/802\/revisions\/1937"}],"wp:attachment":[{"href":"https:\/\/www.refilat.com\/index.php?rest_route=%2Fwp%2Fv2%2Fmedia&parent=802"}],"curies":[{"name":"wp","href":"https:\/\/api.w.org\/{rel}","templated":true}]}}