{"id":511,"date":"2020-11-27T17:24:42","date_gmt":"2020-11-27T16:24:42","guid":{"rendered":"https:\/\/www.refilat.com\/?page_id=511"},"modified":"2021-01-23T18:33:13","modified_gmt":"2021-01-23T17:33:13","slug":"us-de-cookies","status":"publish","type":"page","link":"https:\/\/www.refilat.com\/?page_id=511","title":{"rendered":"\u00das de cookies"},"content":{"rendered":"\t\t<div data-elementor-type=\"wp-page\" data-elementor-id=\"511\" class=\"elementor elementor-511\">\n\t\t\t\t\t\t<section class=\"elementor-section elementor-top-section elementor-element elementor-element-5ddf30f elementor-section-height-min-height elementor-section-boxed elementor-section-height-default elementor-section-items-middle\" data-id=\"5ddf30f\" data-element_type=\"section\" data-e-type=\"section\" data-settings=\"{&quot;background_background&quot;:&quot;classic&quot;}\">\n\t\t\t\t\t\t<div class=\"elementor-container elementor-column-gap-default\">\n\t\t\t\t\t<div class=\"elementor-column elementor-col-100 elementor-top-column elementor-element elementor-element-7b98c6d\" data-id=\"7b98c6d\" data-element_type=\"column\" data-e-type=\"column\">\n\t\t\t<div class=\"elementor-widget-wrap elementor-element-populated\">\n\t\t\t\t\t\t<div class=\"elementor-element elementor-element-45c660c elementor-widget elementor-widget-heading\" data-id=\"45c660c\" data-element_type=\"widget\" data-e-type=\"widget\" data-widget_type=\"heading.default\">\n\t\t\t\t<div class=\"elementor-widget-container\">\n\t\t\t\t\t<p class=\"elementor-heading-title elementor-size-default\">REFILAT VINOTECA<\/p>\t\t\t\t<\/div>\n\t\t\t\t<\/div>\n\t\t\t\t<div class=\"elementor-element elementor-element-804d4f7 elementor-widget elementor-widget-heading\" data-id=\"804d4f7\" data-element_type=\"widget\" data-e-type=\"widget\" data-widget_type=\"heading.default\">\n\t\t\t\t<div class=\"elementor-widget-container\">\n\t\t\t\t\t<h1 class=\"elementor-heading-title elementor-size-default\">\u00daS DE COOKIES<\/h1>\t\t\t\t<\/div>\n\t\t\t\t<\/div>\n\t\t\t\t<div class=\"elementor-element elementor-element-897f409 elementor-widget__width-initial elementor-widget elementor-widget-text-editor\" data-id=\"897f409\" data-element_type=\"widget\" data-e-type=\"widget\" data-widget_type=\"text-editor.default\">\n\t\t\t\t<div class=\"elementor-widget-container\">\n\t\t\t\t\t\t\t\t\t<p>Aquest lloc web utilitza cookies i\/o tecnologies similars que emmagatzemen i recuperen informaci\u00f3 quan navegues.<\/p>\t\t\t\t\t\t\t\t<\/div>\n\t\t\t\t<\/div>\n\t\t\t\t\t<\/div>\n\t\t<\/div>\n\t\t\t\t\t<\/div>\n\t\t<\/section>\n\t\t\t\t<section class=\"elementor-section elementor-top-section elementor-element elementor-element-6df3fed0 elementor-section-boxed elementor-section-height-default elementor-section-height-default\" data-id=\"6df3fed0\" data-element_type=\"section\" data-e-type=\"section\">\n\t\t\t\t\t\t<div class=\"elementor-container elementor-column-gap-default\">\n\t\t\t\t\t<div class=\"elementor-column elementor-col-100 elementor-top-column elementor-element elementor-element-60567967\" data-id=\"60567967\" data-element_type=\"column\" data-e-type=\"column\">\n\t\t\t<div class=\"elementor-widget-wrap elementor-element-populated\">\n\t\t\t\t\t\t<div class=\"elementor-element elementor-element-4dfe4845 elementor-widget elementor-widget-text-editor\" data-id=\"4dfe4845\" data-element_type=\"widget\" data-e-type=\"widget\" data-widget_type=\"text-editor.default\">\n\t\t\t\t<div class=\"elementor-widget-container\">\n\t\t\t\t\t\t\t\t\t<ol>\n<li>\n<h2><b>Qu\u00e8 s\u00f3n les cookies?<\/b><\/h2>\n<\/li>\n<\/ol>\n<p style=\"padding-left: 40px;\">Aquest lloc web utilitza cookies i\/o tecnologies similars que emmagatzemen i recuperen informaci\u00f3 quan navegues. En general, aquestes tecnologies poden servir per a finalitats molt diverses, com, per exemple, recon\u00e8ixer-te com a usuari, obtenir informaci\u00f3 sobre els teus h\u00e0bits de navegaci\u00f3, o personalitzar la forma en qu\u00e8 es mostra el contingut. Els usos concrets que fem d&#8217;aquestes tecnologies es descriuen a continuaci\u00f3.<\/p>\n<ol start=\"2\">\n<li>\n<h2><strong>Per a qu\u00e8 utilitza les cookies aquesta p\u00e0gina web i quins s\u00f3n?<\/strong><\/h2>\n<\/li>\n<\/ol>\n<p style=\"padding-left: 40px;\">Aquesta p\u00e0gina web utilitza les cookies per a una s\u00e8rie de finalitats, incloses:<\/p>\n<ul>\n<li>D&#8217;an\u00e0lisi: s\u00f3n aquelles cookies que b\u00e9, tractades per nosaltres o per tercers, ens permeten quantificar el nombre d&#8217;usuaris i aix\u00ed realitzar el mesurament i an\u00e0lisi estad\u00edstica de la utilitzaci\u00f3 que fan els usuaris del servei. Per a aix\u00f2 s&#8217;analitza la seva navegaci\u00f3 en la nostra p\u00e0gina web amb la finalitat de millorar l&#8217;experi\u00e8ncia de l&#8217;usuari.<\/li>\n<li>Publicit\u00e0ries comportamentals: s\u00f3n aquelles cookies que b\u00e9, tractades per nosaltres o per tercers, permeten analitzar els h\u00e0bits de navegaci\u00f3 dels usuaris en Internet per a poder mostrar-los publicitat relacionada amb el seu perfil de navegaci\u00f3.<\/li>\n<li>T\u00e8cniques o necess\u00e0ries: Les cookies necess\u00e0ries ajuden a fer una p\u00e0gina web utilitzable activant funcions b\u00e0siques com la navegaci\u00f3 en la p\u00e0gina i l&#8217;acc\u00e9s a \u00e0rees segures de la p\u00e0gina web. Permeten per exemple, controlar el tr\u00e0nsit i la comunicaci\u00f3 de dades, accedir a parts d&#8217;acc\u00e9s restringit, utilitzar elements de seguretat, emmagatzemar continguts per a poder difondre v\u00eddeos o compartir continguts a trav\u00e9s de xarxes socials. La p\u00e0gina web no pot funcionar adequadament sense aquestes cookies.<\/li>\n<\/ul>\n<p style=\"padding-left: 40px;\">La identificaci\u00f3 de qui utilitza les cookies d&#8217;aquest lloc web, aix\u00ed com els detalls d&#8217;aquestes, s&#8217;indiquen a continuaci\u00f3:<\/p>\n        <form action=\"\" method=\"POST\" class=\"njt-gdpr-privacy-settings-frm\">\n            <table>\n                <thead>\n                    <tr>\n                        <th>Name<\/th>\n                        <th>Description<\/th>\n                        <th>Enable ?<\/th>\n                    <\/tr>\n                <\/thead>\n                <tbody>\n                    <tr>\n                        <td>Cookie<\/td>\n                        <td>Utilitzem cookies pr\u00f2pies i de tercers per per a fins anal\u00edtics i per mostrar- publicitat personalitzada i la base d&#039;un perfil elaborat a partir dels seus h\u00e0bits de navegaci\u00f3 (Per exemple, p\u00e0gines visitades).<\/td>\n                        <td><input type=\"checkbox\" name=\"s[]\" value=\"cookie\"  \/><\/td>\n                    <\/tr>\n                    <tr>\n                        <td>Facebook Pixel<\/td>\n                        <td>Servei de tercers per gestionar activitats publicit\u00e0ries relacionades amb el recurs a trav\u00e9s de Facebook<\/td>\n                        <td><input type=\"checkbox\" name=\"s[]\" value=\"fb\"  \/><\/td>\n                    <\/tr>\n                    <tr>\n                        <td>Google Analytics<\/td>\n                        <td>S&#039;utilitza per a estad\u00edstiques agregades per millorar l&#039;experi\u00e8ncia d&#039;usuari del recurs.<\/td>\n                        <td><input type=\"checkbox\" name=\"s[]\" value=\"gg\"  \/><\/td>\n                    <\/tr>\n                <\/tbody>\n            <\/table>\n            <button type=\"button\" class=\"njt-gdpr-privacy-settings-btn njt_gdpr_btn\">Save Changes<\/button>\n        <\/form>\n        <script type=\"text\/javascript\">\n            jQuery(document).ready(function($) {\n                $('.njt-gdpr-privacy-settings-btn').on('click', function(event) {\n                    var frm = $(this).closest('form');\n                    var s = [];\n                    $.each(frm.find('input[name^=\"s\"]'), function(index, el) {\n                        if ($(el).prop('checked')) {\n                            s.push($(el).val());\n                        }\n                    });\n                    $.ajax({\n                        url: 'https:\/\/www.refilat.com\/wp-admin\/admin-ajax.php',\n                        type: 'POST',\n                        data: {\n                            action: 'njt_gdpr_save_privacy_settings',\n                            s: s\n                        },\n                    })\n                    .done(function(json) {\n                        if (json.success) {\n                            alert('Success');\n                            location.reload();\n                        } else {\n                            alert(json.data.mess);\n                        }\n                    })\n                    .fail(function() {\n                        alert('Please refresh and try again.');\n                    });\n                    return false;\n                });\n            });\n        <\/script>\n        \n<table width=\"614\">\n<tbody>\n<tr>\n<td width=\"113\"><strong>Entitat<\/strong><\/td>\n<td width=\"66\"><strong>Tipus<\/strong><\/td>\n<td width=\"265\"><strong>Prop\u00f2sit<\/strong><\/td>\n<td width=\"170\"><strong>M\u00e9s informaci\u00f3<\/strong><\/td>\n<\/tr>\n<tr>\n<td width=\"113\">Google Analytics<\/td>\n<td width=\"66\">De tercers<\/td>\n<td width=\"265\">Recollir informaci\u00f3 sobre la navegaci\u00f3 dels usuaris pel lloc web amb la finalitat de con\u00e8ixer l&#8217;origen de les visites i altres dades similars a nivell estad\u00edstic, aix\u00ed com, en el seu cas, mostrar als usuaris publicitat relacionada amb les seves prefer\u00e8ncies sobre la base d&#8217;un perfil elaborat a partir dels seus h\u00e0bits de navegaci\u00f3 (per exemple, p\u00e0gines visitades). Caducitat fins 2 anys.<\/td>\n<td width=\"170\"><p><a href=\"https:\/\/developers.google.com\/analytics\/devguides\/collection\/analyticsjs\/cookie-usage\"><strong>1. Google Analytics<\/strong><\/a><\/p>\n<p><a href=\"https:\/\/policies.google.com\/technologies\/types?hl=es\"><strong>2. Centre de Privacitat de Google<\/strong><\/a><\/p><\/td>\n<\/tr>\n<tr>\n<td width=\"113\">refilat.com<\/td>\n<td width=\"66\">Pr\u00f2pia<\/td>\n<td width=\"265\">Gestionar la funcionalitat de la web com el consentiment de l&#8217;\u00fas de les cookies i la sessi\u00f3 d&#8217;usuari.<\/td>\n<td width=\"170\"><\/td>\n<\/tr>\n<\/tbody>\n<\/table>\n<p style=\"padding-left: 40px;\">&nbsp;Nota: Les cookies de tipus &#8216;Pr\u00f2pies&#8217; s\u00f3n utilitzades nom\u00e9s pel propietari d&#8217;aquesta web i les cookies &#8216;De tercers&#8217; s\u00f3n utilitzades, pel prestador del servei que est\u00e0 detallat en el quadre anterior.<\/p>\n<p style=\"padding-left: 40px;\">&nbsp;Pot informar-se de les transfer\u00e8ncies a tercers pa\u00efsos que, en el seu cas, realitzen els tercers identificats en aquesta pol\u00edtica de cookies en els seus corresponents pol\u00edtiques (veure els enlla\u00e7os facilitats en l&#8217;apartat &#8216;M\u00e9s informaci\u00f3&#8217; de la taula anterior).<\/p>\n<ol start=\"3\">\n<li>\n<h2>&nbsp;<strong>Com puc desactivar o eliminar aquestes cookies?<\/strong><\/h2>\n<\/li>\n<\/ol>\n<p style=\"padding-left: 40px;\">Pot vost\u00e8 permetre o bloquejar les cookies, aix\u00ed com esborrar les seves dades de navegaci\u00f3 (incloses les cookies) des del navegador que vost\u00e8 utilitza. Consulti les opcions i instruccions que ofereix el seu navegador per a aix\u00f2. Tingui en compte que si accepta les cookies de tercers, haur\u00e0 d&#8217;eliminar-les des de les opcions del navegador o des del sistema ofert pel propi tercer.<\/p>\n<p style=\"padding-left: 40px;\">A continuaci\u00f3 t\u00e9 disponibles els enlla\u00e7os amb la informaci\u00f3 per a gestionar les cookies dels navegadors m\u00e9s utilitzats:<\/p>\n<p style=\"padding-left: 40px;\">Firefox<\/p>\n<p style=\"padding-left: 40px;\"><a href=\"https:\/\/support.mozilla.org\/es\/kb\/habilitar-y-deshabilitar-cookies-que-los-sitios-we\">https:\/\/support.mozilla.org\/es\/kb\/habilitar-y-deshabilitar-cookies-que-los-sitios-we<\/a><\/p>\n<p style=\"padding-left: 40px;\">Chrome<\/p>\n<p style=\"padding-left: 40px;\"><a href=\"https:\/\/support.google.com\/chrome\/bin\/answer.py?hl=es&amp;answer=95647\">https:\/\/support.google.com\/chrome\/bin\/answer.py?hl=es&amp;answer=95647<\/a><\/p>\n<p style=\"padding-left: 40px;\">Internet Explorer<\/p>\n<p style=\"padding-left: 40px;\"><a href=\"https:\/\/support.microsoft.com\/es-es\/help\/278835\/how-to-delete-cookie-files-in-internet-explorer\">https:\/\/support.microsoft.com\/es-es\/help\/278835\/how-to-delete-cookie-files-in-internet-explorer<\/a><\/p>\n<p style=\"padding-left: 40px;\">Microsoft Edge<\/p>\n<p style=\"padding-left: 40px;\"><a href=\"https:\/\/support.microsoft.com\/es-es\/help\/4027947\/microsoft-edge-delete-cookies\">https:\/\/support.microsoft.com\/es-es\/help\/4027947\/microsoft-edge-delete-cookies<\/a><\/p>\n<p style=\"padding-left: 40px;\">Safari<\/p>\n<p style=\"padding-left: 40px;\"><a href=\"https:\/\/support.apple.com\/kb\/ph5042\">https:\/\/support.apple.com\/kb\/ph5042<\/a><\/p>\n<p style=\"padding-left: 40px;\">Opera<\/p>\n<p style=\"padding-left: 40px;\"><a href=\"https:\/\/help.opera.com\/Windows\/11.50\/es-ES\/cookies.html\">https:\/\/help.opera.com\/Windows\/11.50\/es-ES\/cookies.html<\/a><\/p>\n<p style=\"padding-left: 40px;\">Altres navegadors<\/p>\n<p style=\"padding-left: 40px;\">Consulti la documentaci\u00f3 del navegador que tingui instal\u00b7lat.<\/p>\n<ol start=\"4\">\n<li>\n<h2><b>Complement d&#8217;inhabilitaci\u00f3 per a navegadors de Google Analytics<\/b><\/h2>\n<\/li>\n<\/ol>\n<p style=\"padding-left: 40px;\">Si desitja rebutjar les cookies anal\u00edtiques de Google Analytics en tots els navegadors, de manera que no s&#8217;envi\u00ef informaci\u00f3 seva a aquest servei, pot descarregar un complement que realitza aquesta funci\u00f3 des d&#8217;aquest enlla\u00e7: <a href=\"https:\/\/tools.google.com\/dlpage\/gaoptout\">https:\/\/tools.google.com\/dlpage\/gaoptout<\/a>.<\/p>\n<ol start=\"5\">\n<li>\n<h2><strong>Exercici&nbsp;de drets<\/strong><\/h2>\n<\/li>\n<\/ol>\n<p>Pot con\u00e8ixer i exercir els seus drets en mat\u00e8ria de protecci\u00f3 de dades personals accedint a la Pol\u00edtica de Privacitat d&#8217;aquesta web.<\/p>\t\t\t\t\t\t\t\t<\/div>\n\t\t\t\t<\/div>\n\t\t\t\t\t<\/div>\n\t\t<\/div>\n\t\t\t\t\t<\/div>\n\t\t<\/section>\n\t\t\t\t<\/div>\n\t\t","protected":false},"excerpt":{"rendered":"<p>REFILAT VINOTECA \u00daS DE COOKIES Aquest lloc web utilitza cookies i\/o tecnologies similars que emmagatzemen i recuperen informaci\u00f3 quan navegues. Qu\u00e8 s\u00f3n les cookies? Aquest lloc web utilitza cookies i\/o tecnologies similars que emmagatzemen i recuperen informaci\u00f3 quan navegues. En general, aquestes tecnologies poden servir per a finalitats molt diverses, com, per exemple, recon\u00e8ixer-te com [&hellip;]<\/p>\n","protected":false},"author":2,"featured_media":0,"parent":0,"menu_order":0,"comment_status":"closed","ping_status":"closed","template":"elementor_header_footer","meta":{"site-sidebar-layout":"default","site-content-layout":"","ast-site-content-layout":"default","site-content-style":"default","site-sidebar-style":"default","ast-global-header-display":"","ast-banner-title-visibility":"","ast-main-header-display":"","ast-hfb-above-header-display":"","ast-hfb-below-header-display":"","ast-hfb-mobile-header-display":"","site-post-title":"","ast-breadcrumbs-content":"","ast-featured-img":"","footer-sml-layout":"","ast-disable-related-posts":"","theme-transparent-header-meta":"","adv-header-id-meta":"","stick-header-meta":"","header-above-stick-meta":"","header-main-stick-meta":"","header-below-stick-meta":"","astra-migrate-meta-layouts":"default","ast-page-background-enabled":"default","ast-page-background-meta":{"desktop":{"background-color":"","background-image":"","background-repeat":"repeat","background-position":"center center","background-size":"auto","background-attachment":"scroll","background-type":"","background-media":"","overlay-type":"","overlay-color":"","overlay-opacity":"","overlay-gradient":""},"tablet":{"background-color":"","background-image":"","background-repeat":"repeat","background-position":"center center","background-size":"auto","background-attachment":"scroll","background-type":"","background-media":"","overlay-type":"","overlay-color":"","overlay-opacity":"","overlay-gradient":""},"mobile":{"background-color":"","background-image":"","background-repeat":"repeat","background-position":"center center","background-size":"auto","background-attachment":"scroll","background-type":"","background-media":"","overlay-type":"","overlay-color":"","overlay-opacity":"","overlay-gradient":""}},"ast-content-background-meta":{"desktop":{"background-color":"var(--ast-global-color-5)","background-image":"","background-repeat":"repeat","background-position":"center center","background-size":"auto","background-attachment":"scroll","background-type":"","background-media":"","overlay-type":"","overlay-color":"","overlay-opacity":"","overlay-gradient":""},"tablet":{"background-color":"var(--ast-global-color-5)","background-image":"","background-repeat":"repeat","background-position":"center center","background-size":"auto","background-attachment":"scroll","background-type":"","background-media":"","overlay-type":"","overlay-color":"","overlay-opacity":"","overlay-gradient":""},"mobile":{"background-color":"var(--ast-global-color-5)","background-image":"","background-repeat":"repeat","background-position":"center center","background-size":"auto","background-attachment":"scroll","background-type":"","background-media":"","overlay-type":"","overlay-color":"","overlay-opacity":"","overlay-gradient":""}},"footnotes":""},"class_list":["post-511","page","type-page","status-publish","hentry"],"yoast_head":"<!-- This site is optimized with the Yoast SEO plugin v27.4 - https:\/\/yoast.com\/product\/yoast-seo-wordpress\/ -->\n<title>\u00das de cookies - Refilat Vinoteca<\/title>\n<meta name=\"robots\" content=\"index, follow, max-snippet:-1, max-image-preview:large, max-video-preview:-1\" \/>\n<link rel=\"canonical\" href=\"https:\/\/www.refilat.com\/?page_id=511\" \/>\n<meta property=\"og:locale\" content=\"ca_ES\" \/>\n<meta property=\"og:type\" content=\"article\" \/>\n<meta property=\"og:title\" content=\"\u00das de cookies - Refilat Vinoteca\" \/>\n<meta property=\"og:description\" content=\"REFILAT VINOTECA \u00daS DE COOKIES Aquest lloc web utilitza cookies i\/o tecnologies similars que emmagatzemen i recuperen informaci\u00f3 quan navegues. Qu\u00e8 s\u00f3n les cookies? Aquest lloc web utilitza cookies i\/o tecnologies similars que emmagatzemen i recuperen informaci\u00f3 quan navegues. En general, aquestes tecnologies poden servir per a finalitats molt diverses, com, per exemple, recon\u00e8ixer-te com [&hellip;]\" \/>\n<meta property=\"og:url\" content=\"https:\/\/www.refilat.com\/?page_id=511\" \/>\n<meta property=\"og:site_name\" content=\"Refilat Vinoteca\" \/>\n<meta property=\"article:modified_time\" content=\"2021-01-23T17:33:13+00:00\" \/>\n<meta name=\"twitter:card\" content=\"summary_large_image\" \/>\n<meta name=\"twitter:label1\" content=\"Temps estimat de lectura\" \/>\n\t<meta name=\"twitter:data1\" content=\"4 minuts\" \/>\n<script type=\"application\/ld+json\" class=\"yoast-schema-graph\">{\"@context\":\"https:\\\/\\\/schema.org\",\"@graph\":[{\"@type\":\"WebPage\",\"@id\":\"https:\\\/\\\/www.refilat.com\\\/?page_id=511\",\"url\":\"https:\\\/\\\/www.refilat.com\\\/?page_id=511\",\"name\":\"\u00das de cookies - Refilat Vinoteca\",\"isPartOf\":{\"@id\":\"https:\\\/\\\/www.refilat.com\\\/#website\"},\"datePublished\":\"2020-11-27T16:24:42+00:00\",\"dateModified\":\"2021-01-23T17:33:13+00:00\",\"breadcrumb\":{\"@id\":\"https:\\\/\\\/www.refilat.com\\\/?page_id=511#breadcrumb\"},\"inLanguage\":\"ca\",\"potentialAction\":[{\"@type\":\"ReadAction\",\"target\":[\"https:\\\/\\\/www.refilat.com\\\/?page_id=511\"]}]},{\"@type\":\"BreadcrumbList\",\"@id\":\"https:\\\/\\\/www.refilat.com\\\/?page_id=511#breadcrumb\",\"itemListElement\":[{\"@type\":\"ListItem\",\"position\":1,\"name\":\"Inici\",\"item\":\"https:\\\/\\\/www.refilat.com\\\/\"},{\"@type\":\"ListItem\",\"position\":2,\"name\":\"\u00das de cookies\"}]},{\"@type\":\"WebSite\",\"@id\":\"https:\\\/\\\/www.refilat.com\\\/#website\",\"url\":\"https:\\\/\\\/www.refilat.com\\\/\",\"name\":\"Refilat Vinoteca\",\"description\":\"Tradici\u00f3 en la distribuci\u00f3 de vins a la Cerdanya\",\"publisher\":{\"@id\":\"https:\\\/\\\/www.refilat.com\\\/#organization\"},\"potentialAction\":[{\"@type\":\"SearchAction\",\"target\":{\"@type\":\"EntryPoint\",\"urlTemplate\":\"https:\\\/\\\/www.refilat.com\\\/?s={search_term_string}\"},\"query-input\":{\"@type\":\"PropertyValueSpecification\",\"valueRequired\":true,\"valueName\":\"search_term_string\"}}],\"inLanguage\":\"ca\"},{\"@type\":\"Organization\",\"@id\":\"https:\\\/\\\/www.refilat.com\\\/#organization\",\"name\":\"Refilat Vinoteca\",\"url\":\"https:\\\/\\\/www.refilat.com\\\/\",\"logo\":{\"@type\":\"ImageObject\",\"inLanguage\":\"ca\",\"@id\":\"https:\\\/\\\/www.refilat.com\\\/#\\\/schema\\\/logo\\\/image\\\/\",\"url\":\"https:\\\/\\\/i0.wp.com\\\/www.refilat.com\\\/wp-content\\\/uploads\\\/2020\\\/07\\\/logo_refilat_02.png?fit=400%2C150&ssl=1\",\"contentUrl\":\"https:\\\/\\\/i0.wp.com\\\/www.refilat.com\\\/wp-content\\\/uploads\\\/2020\\\/07\\\/logo_refilat_02.png?fit=400%2C150&ssl=1\",\"width\":400,\"height\":150,\"caption\":\"Refilat Vinoteca\"},\"image\":{\"@id\":\"https:\\\/\\\/www.refilat.com\\\/#\\\/schema\\\/logo\\\/image\\\/\"}}]}<\/script>\n<!-- \/ Yoast SEO plugin. -->","yoast_head_json":{"title":"\u00das de cookies - Refilat Vinoteca","robots":{"index":"index","follow":"follow","max-snippet":"max-snippet:-1","max-image-preview":"max-image-preview:large","max-video-preview":"max-video-preview:-1"},"canonical":"https:\/\/www.refilat.com\/?page_id=511","og_locale":"ca_ES","og_type":"article","og_title":"\u00das de cookies - Refilat Vinoteca","og_description":"REFILAT VINOTECA \u00daS DE COOKIES Aquest lloc web utilitza cookies i\/o tecnologies similars que emmagatzemen i recuperen informaci\u00f3 quan navegues. Qu\u00e8 s\u00f3n les cookies? Aquest lloc web utilitza cookies i\/o tecnologies similars que emmagatzemen i recuperen informaci\u00f3 quan navegues. En general, aquestes tecnologies poden servir per a finalitats molt diverses, com, per exemple, recon\u00e8ixer-te com [&hellip;]","og_url":"https:\/\/www.refilat.com\/?page_id=511","og_site_name":"Refilat Vinoteca","article_modified_time":"2021-01-23T17:33:13+00:00","twitter_card":"summary_large_image","twitter_misc":{"Temps estimat de lectura":"4 minuts"},"schema":{"@context":"https:\/\/schema.org","@graph":[{"@type":"WebPage","@id":"https:\/\/www.refilat.com\/?page_id=511","url":"https:\/\/www.refilat.com\/?page_id=511","name":"\u00das de cookies - Refilat Vinoteca","isPartOf":{"@id":"https:\/\/www.refilat.com\/#website"},"datePublished":"2020-11-27T16:24:42+00:00","dateModified":"2021-01-23T17:33:13+00:00","breadcrumb":{"@id":"https:\/\/www.refilat.com\/?page_id=511#breadcrumb"},"inLanguage":"ca","potentialAction":[{"@type":"ReadAction","target":["https:\/\/www.refilat.com\/?page_id=511"]}]},{"@type":"BreadcrumbList","@id":"https:\/\/www.refilat.com\/?page_id=511#breadcrumb","itemListElement":[{"@type":"ListItem","position":1,"name":"Inici","item":"https:\/\/www.refilat.com\/"},{"@type":"ListItem","position":2,"name":"\u00das de cookies"}]},{"@type":"WebSite","@id":"https:\/\/www.refilat.com\/#website","url":"https:\/\/www.refilat.com\/","name":"Refilat Vinoteca","description":"Tradici\u00f3 en la distribuci\u00f3 de vins a la Cerdanya","publisher":{"@id":"https:\/\/www.refilat.com\/#organization"},"potentialAction":[{"@type":"SearchAction","target":{"@type":"EntryPoint","urlTemplate":"https:\/\/www.refilat.com\/?s={search_term_string}"},"query-input":{"@type":"PropertyValueSpecification","valueRequired":true,"valueName":"search_term_string"}}],"inLanguage":"ca"},{"@type":"Organization","@id":"https:\/\/www.refilat.com\/#organization","name":"Refilat Vinoteca","url":"https:\/\/www.refilat.com\/","logo":{"@type":"ImageObject","inLanguage":"ca","@id":"https:\/\/www.refilat.com\/#\/schema\/logo\/image\/","url":"https:\/\/i0.wp.com\/www.refilat.com\/wp-content\/uploads\/2020\/07\/logo_refilat_02.png?fit=400%2C150&ssl=1","contentUrl":"https:\/\/i0.wp.com\/www.refilat.com\/wp-content\/uploads\/2020\/07\/logo_refilat_02.png?fit=400%2C150&ssl=1","width":400,"height":150,"caption":"Refilat Vinoteca"},"image":{"@id":"https:\/\/www.refilat.com\/#\/schema\/logo\/image\/"}}]}},"lang":"ca","translations":{"ca":511,"es":804},"jetpack_sharing_enabled":true,"pll_sync_post":[],"_links":{"self":[{"href":"https:\/\/www.refilat.com\/index.php?rest_route=\/wp\/v2\/pages\/511","targetHints":{"allow":["GET"]}}],"collection":[{"href":"https:\/\/www.refilat.com\/index.php?rest_route=\/wp\/v2\/pages"}],"about":[{"href":"https:\/\/www.refilat.com\/index.php?rest_route=\/wp\/v2\/types\/page"}],"author":[{"embeddable":true,"href":"https:\/\/www.refilat.com\/index.php?rest_route=\/wp\/v2\/users\/2"}],"replies":[{"embeddable":true,"href":"https:\/\/www.refilat.com\/index.php?rest_route=%2Fwp%2Fv2%2Fcomments&post=511"}],"version-history":[{"count":34,"href":"https:\/\/www.refilat.com\/index.php?rest_route=\/wp\/v2\/pages\/511\/revisions"}],"predecessor-version":[{"id":3794,"href":"https:\/\/www.refilat.com\/index.php?rest_route=\/wp\/v2\/pages\/511\/revisions\/3794"}],"wp:attachment":[{"href":"https:\/\/www.refilat.com\/index.php?rest_route=%2Fwp%2Fv2%2Fmedia&parent=511"}],"curies":[{"name":"wp","href":"https:\/\/api.w.org\/{rel}","templated":true}]}}